+ (0 - -1 - 14)?
-15
30 + 1 + -7 + 2 + 104 + -112
18
(-72 - -26 - 24) + 46 - -2
-22
What is -10 + 20 - -26 - (57 + -115 - -67)?
27
Calculate 21 - (-10 - ((-7 - -3) + 12)).
39
What is the value of -4 - -17 - (-72 + 32 - -155)?
-102
What is the value of 7 + (42 + -20 - 20 - 8)?
1
What is the value of -25 - (3 + -3) - (-12 + -44 + 69) - 4?
-42
Calculate (125 - 140) + 57 + -13.
29
(-603 - -431) + 166 + (0 + (-1 - 0) - 88)
-95
What is the value of (-11 - -11) + (2 + -3 - (0 + -1)) - 23?
-23
Evaluate -2 + 0 + 25 - (-101 + (109 - 2)).
17
What is 17 + -4 - (0 - -8 - -3) - (-7 + -27)?
36
Calculate (4 - (1 - -1)) + 10 - -37.
49
(3 - 0) + -795 + 703 - -15
-74
What is 1 + 16 + 3 + -25?
-5
Evaluate 37 - 48 - 35 - (-2 - -4 - 18).
-30
Calculate (7 - (-24 - (-15 - 2))) + (13 - -5).
32
What is the value of 88 - (-81 + 92) - (-1 - -10)?
68
Evaluate -2 + -18 + (191 - 194).
-23
-142 - ((184 - 66) + -99 + (-22 - -2))
-141
Calculate (163529 - 163529) + (-2 - 134 - (-1 - 0)).
-135
-625 + 649 - (1 + 86) - (11 - 8)
-66
Calculate -54 + 6 + -47 - -84.
-11
Evaluate (112 - -2) + -16 - (10 + 16).
72
-23 - (-13 + 14 - 19)
-5
What is -9 + 5 - ((1 - 6) + -3 + (0 - 48))?
52
Calculate 16 + 46 + -72 - (-1 - 11 - -2).
0
What is -19 - -28 - (-45 + (-7 - (0 - 5)))?
56
Evaluate (79 - 10) + (-67 - -60) + -31.
31
Evaluate -178 - ((-161 - -52) + 7).
-76
Calculate -10 + 54 + 71 + -61.
54
What is the value of -71 + 1 + -19 + (18 + 27 - 8)?
-52
Evaluate -1 - -18 - (71 - 89 - -3).
32
What is (-1 + 10 - (44 - (60 - 19)) - 10) + -93?
-97
What is the value of -331 + 231 + 51 + (-16 - (0 + -1))?
-64
Evaluate 0 + -2 + (-15 + (9 - 12 - -11) - -11).
2
Calculate 7 - (3 + -25 + 25 - 44).
48
38 - (2 + (-5 - (-12 - -2 - -4)))
35
Evaluate -50 - (-7 - (40 + -8)) - (3 + 3).
-17
Calculate -285 + 236 - (-3 + (1 - -16)).
-63
What is the value of -1 + 74 - (-84 - (-20 - 55))?
82
Calculate 65 - 45 - ((38 - 57) + 173).
-134
What is the value of (-59 - -108) + -58 - (-3 - -87)?
-93
What is the value of 57 + (-7 - -28) - 144?
-66
What is the value of (2 - -1 - -8 - (18 - 17)) + -63?
-53
(0 - -12) + (-30 - (6 - 23)) - (0 + 16)
-17
Calculate 19 + -6 + 8 + 0 + (-4 - (9 - 6)).
14
What is -6213 + 6006 + (113 - 0)?
-94
Evaluate (-2 - 32) + -16 + -1 + (12 - (25 + -25)).
-39
Calculate 9 - (87 + 12 - 52).
-38
What is 27 - (-27 + (0 - -8 - (134 - 140)))?
40
Evaluate (16 - (52 + -10 - 11)) + 81 + 9.
75
What is (10 - (280 + -261 + (-1 - -12))) + -10 + 3?
-27
Evaluate (-2 - 237) + (-15753 - -15873).
-119
71 + (-1 - (134 - 79))
15
What is the value of 3 + -48 - -52 - (-2 + -12)?
21
What is the value of 87 - -24 - (135 + -90)?
66
Calculate 32 + -17 + (15 - 23 - -17).
24
Evaluate (-93 - -96) + 83 - 162.
-76
Evaluate -19 + 31 - 13 - (8 + 4 + -4).
-9
Calculate -25 + 9 + (-34 - -4) + 7 + (6 - 7).
-40
Evaluate -3 + -16 + -20 - (-4 + 0).
-35
Calculate 8 - (10 + (8 - 14)) - (-2 + 2).
4
(453 - (126 + 324)) + (1 + -1 + 0 - 57)
-54
Evaluate 3 + 37 - 36 - (0 + -26 + -7).
37
-7 + -33 + 3 + (104 - 91)
-24
What is the value of 12 + 3 + (-14 - (-58 + 18)) + -14?
27
Evaluate -18 + 51 + 1 + -25 + -55 + (-7 - -4).
-49
What is (-142 - (-84 + 22)) + -2 + 12?
-70
Calculate -5 + 0 + 4 - ((122 - 136) + 107).
-94
-11 - (15 - (-9 - -17)) - -17
-1
44 + (77 - 116) - (6 + -3 - -1)
1
(-7 - -9) + -14 + 62 + -4 + -7
39
Calculate (-175 - -174) + (-45 - -4 - 5 - -1).
-46
Calculate -3 + -93 + -4 + 35 + -81 + 47.
-99
Calculate -17 - (-16 + -11 + (-13 - -31) + -57).
49
What is the value of -15 + (-36 - (0 + -2 - (97 - 81)))?
-33
-8 + 0 + 6 + -27 + 37 + 1
9
Calculate (-8 - 15) + 703 + -711.
-31
What is -27 + 17 + 18 + (0 - (14 - -1)) + -17?
-24
Evaluate 11 + (-64 - (-60 + 23)).
-16
Calculate -5 + -18 + (8 + -15 - -34).
4
What is (-70 - -30 - -125) + (0 - -8)?
93
What is the value of 1 + -25 - (-70 - 1 - (3726 + -3790))?
-17
Calculate -96 - ((-1 - (-2 + 4)) + (-37 - (-19 + -13))).
-88
-41 + (17 - 6 - 60) - -19
-71
What is -3974 + 3979 - (16 + 1 + (0 - 1))?
-11
0 + 5 + (29 - 52)
-18
What is the value of (18 + -19 - -12) + -54 - 6?
-49
(-42 - (-74 + 26) - (5 + -4)) + 3
8
Evaluate (-56 - -67) + (-36 - 10).
-35
Calculate 8 - (75 - 107 - (3 - 0)) - 0.
43
What is the value of -6 + -6 + 51 - 8?
31
Calculate (3 - 3) + 5 + -8 + (-241 - -209).
-35
What is 17 + -13 + (74 - (5 + 7))?
66
Calculate 50 + (-44 - -36) + -1.
41
Evaluate -3 + -19 + -11 + (37 - -15).
19
Calculate (-992 - -983) + (28 - 1) - (-2 - 33).
53
What is the value of -10 + -1 + (41 - 19) + (-68 - (3 - 7))?
-53
What is 76 + 1 - (966 - 923)?
34
Evaluate 45 - ((-1 - 11) + (-80 - (95 + -198))).
34
Calculate 51 + -169 + 90 + 37.
9
Calculate -23 + (-15 - (16 + -22) - (-8 - -3)).
-27
Calculate (-22 - (-2 + 12)) + -7 - -25.
-14
Evaluate -25 + -10 + 3 + -4 + 3.
-33
69 + -107 + 54 + 6
22
What is -32 + 65 - (32 - -4)?
-3
67 - 95 - (-1 + 0 - 137)
110
What is (-1 + 0 + 7 - 12) + 18 + (3 - -8)?
23
What is -21 + (354 - 374 - (2 + -16))?
-27
(1 + 1 - (9 - 105)) + (-69 - -16) + 38
83
Calculate 5 + 1 + (46 - 53 - -4) - 73.
-70
Calculate 28 + (-19 - (-36 - (-32 + -10))).
3
Evaluate 2 - -1 - -15 - (-1881 + 1892).
7
What is the value of 26 + -67 + 97 + -15?
41
(5 - -66) + -42 + -101
-72
Calculate 86 + 14 + -79 - 82.
-61
What is the value of -28 + (1 - (-1 + -4 + 2 - (-13 - -3)))?
-34
What is the value of 57 - -3 - (-8 + (24 - -1 - (19 + -12)))?
50
What is the value of 35 - (-21 + (-23 - -48)) - 3?
28
Calculate -15 + 1 + 0 + (-58 - 60 - -153).
21
What is 22 + 14 + 25 + -14 + -28 + 11?
30
What is (-2 + 10 - 0 - (-1231 + 1217)) + (-3 - -19)?
38
What is 10 + (-2 - (5 + -4)) - (-1 + 4 + 64)?
-60
What is the value of (35 - ((-13 - (-4 + -2)) + 31)) + -1 + -69?
-59
Calculate -1 - 51 - (-195 + 106 + 64).
-27
What is 10 - ((-19 + 5 + 25 - 22) + 21)?
0
What is the value of (-4 - -1) + -13 + 44 + -28 - 11?
-11
What is -17 - (-12 - -16 - -9 - 19) - 38?
-49
Calculate 53 - (25 - 49 - -37).
40
(1 + 12 - (-60 + 17 + 53)) + 2 - -118
123
What is the value of 13 + (-1 - 1) + 3 - (1 + 9 + 1)?
3
Evaluate (24 - 1) + -53 + (13 - 16).
-33
Evaluate 59 + -22 - (73 - (11 + 3)).
-22
8 + -1 + (-19 - (22 + -37 + 5)) - -36
34
What is the value of 79 - 31 - 30 - -20?
38
What is 1 + 0 + 3 + 1 + (0 - (-15 - -14))?
6
What is the value of 23 + -18 - (53 - 82)?
34
What is 35 + ((5 - -32) + -16 - 8 - (11 - -6))?
31
Evaluate (-19 - -1) + -62 + (152 - 88).
-16
What is the value of (2 - -17) + (-262 - -250)?
7
What is the value of (-30 - (18 + -18) - -2) + 33?
5
-2 + -3 + -38 + 2 + -30 + 45 + -23
-49
Calculate -9 + 2 + -15 + 85 + (-16 - -4) + -4.
47
Evaluate (2 - 1) + -16 - (-1096 - -1031).
50
72 + (4 - (-44 + 16) - 18)
86
What is 29 - (7 - -2) - 30?
-10
Calculate 11 + -77 + (14 - ((-14 - -11) + 7 - -3)).
-59
Evaluate 52 - (27 + -36 - (-5 + -6)).
50
What is the value of (67 - (18 - 1 - (41 - (-28 + 59)))) + -4?
56
What is -26 + 6 + -38 + (17 - 0)?
-41
102 - ((-144 - -114) + (6 - -56))
70
Calculate 29 + 13 - 150 - (-2 + -27).
-79
Calculate 33 + -3 + 0 - (-5523 + 5504).
49
What is the value of -60 + (10 - -2) + 2 + (529 - 551)?
-68
What is the value of 2 - (0 - -4) - -2 - (-507 + 509)?
-2
Evaluate -1 + (3 + -6 - 3) - (-2909 + 2932).
-30
Calculate 30 + -31 - -17 - (0 - -36).
-20
(120 - (4 + -12 - -4 - -9)) + 7 + -4
118
Evaluate 33 + 22 + (0 - -4 - (-9 - -6 - -21)).
41
Evaluate 4380 + -4526 - (3 + -119).
-30
What is the value of (-3 + 1 - -2) + -2 + 112 + (-125 - -77)?
62
Evaluate -5 + -2 + 1 - (-373 - -282 - -190).
-105
Calculate (-1 - 9) + (67 - 15).
42
12 - (-10 + (850 + -804 - ((0 - -14) + -2)))
-12
0 + 5 - (-36 + (-36 - -61) - (-16 - 1))
-1
Calculate 88 - (-124 + 162 + -60).
110
-3 - (-33 - -13) - 18
-1
Calculate (0 - (-56 + 11 + 0)) + -6 + 7.
46
What is (41 + 7 - 106) + 10?
-48
Evaluate -6 - (6 - (7 - (-81 + -2))) - (5 + 1).
72
160 - (64 + -15 + 59)
52
What is the value of (51 - 22) + (-19 - -24) + -26?
8
Evaluate -34 + (33 - 56) + 45 + -43.
-55
Calculate -2 + -9 + 13 + -1 - (96 + 6 + -15).
-86
What is the value of 28 + -31 + (4 + -11 - 0) - (72 + 1)?
-83
6 + (-14 - (-29 - 6)) + -115
-88
Evaluate (-84 - ((-4 + 5 - 7) + -3 + 6)) + 1.
-80
What is -6 - 29 - (13 + -36)?
-12
Evaluate 0 + -3 - (-22 + -51 - -168).
-98
What is 41 - (-21 + 94) - 25?
-57
-2 - 24 - (-26 + -11 - -29)
-18
110 + 8 + -3 + (-117 - -102) + -6 + 3
97
53 + (-5 - (22 + 9))
17
What is the value of (-